{"id":518,"date":"2016-01-28T22:08:07","date_gmt":"2016-01-28T22:08:07","guid":{"rendered":"https:\/\/healthinnovationmaster.vhir.org\/preinscripcio\/?lang=es"},"modified":"2025-12-09T10:40:59","modified_gmt":"2025-12-09T09:40:59","slug":"preinscripcio","status":"publish","type":"page","link":"https:\/\/healthinnovationmaster.vhir.org\/es\/preinscripcio\/","title":{"rendered":"Preinscripci\u00f3n"},"content":{"rendered":"<p><strong>El periodo de preinscripci\u00f3n para el curso acad\u00e9mico 2026-2027 estar\u00e1 abierto desde el 12 de enero hasta el 1 de septiembre de 2026, o bien hasta que se cubran las plazas disponibles.<\/strong><\/p>\n<p>Antes de iniciar la solicitud comprueba los requisitos de acceso y la documentaci\u00f3n requerida que tendr\u00e1s que escanear.<\/p>\n<p>Ten en cuenta que, mediante una tarjeta bancaria, tendr\u00e1s que liquidar la tasa de solicitud de admisi\u00f3n de 30,21\u20ac.<\/p>\n<table style=\"border-collapse: collapse; width: 99.8862%; height: 41px;\">\n<tbody>\n<tr>\n<td style=\"width: 33.3333%;\">\u00a0<\/td>\n<td style=\"width: 33.3333%; background-color: #c62868; text-align: center;\"><a href=\"https:\/\/secretariavirtual.vhir.org\/#services\"><span style=\"color: #ffffff;\"><strong>\u00a1Inscr\u00edbete ahora!<\/strong><\/span><\/a><\/td>\n<td style=\"width: 33.3333%;\">\u00a0<\/td>\n<\/tr>\n<\/tbody>\n<\/table>\n<h2>REQUISITOS DE ADMISI\u00d3N<\/h2>\n<p>Para ser admitido al m\u00e1ster es necesario:<\/p>\n<ul>\n<li>Estar en posesi\u00f3n de un t\u00edtulo de graduado\/a universitario o equiparable, del \u00e1mbito de las ciencias de la vida y de la salud, u otras ramas formativas como econom\u00eda, ingenier\u00eda, <em>business<\/em>&#8230;<\/li>\n<li>Tambi\u00e9n podr\u00e1n acceder los titulados equivalentes en el extranjero.<\/li>\n<\/ul>\n<h2>CRITERIOS DE SELECCI\u00d3N<\/h2>\n<p>Las candidaturas que cumplan los requisitos de admisi\u00f3n ser\u00e1n seleccionadas siguiendo los siguientes criterios:<\/p>\n<ul>\n<li>Expediente acad\u00e9mico<\/li>\n<li>Curriculum vitae<\/li>\n<li>V\u00eddeo de motivaci\u00f3n dirigido a la coordinaci\u00f3n del m\u00e1ster (2 minutos de duraci\u00f3n)<\/li>\n<\/ul>\n<p>En una segunda fase de selecci\u00f3n, se har\u00e1 una breve entrevista personal a los candidatos y candidatas.<\/p>\n<h2>FORMULARIO DE PREINSCRIPCI\u00d3<\/h2>\n<ol>\n<li>Para acceder a la aplicaci\u00f3n necesitas estar registrado en el sistema de Secretar\u00eda Virtual del VHIR.\n<ul style=\"list-style-type: disc;\">\n<li>Si ya eres usuario de la secretar\u00eda virtual, dir\u00edgete a tus servicios <a href=\"http:\/\/secretariavirtual.vhir.org\/\">aqu\u00ed<\/a><\/li>\n<li>Si no est\u00e1s registrado, introduce tus datos y procederemos a crearte una cuenta de usuario aqu\u00ed<\/li>\n<\/ul>\n<\/li>\n<li>Una vez registrado, accede a la secretar\u00eda virtual para realizar la solicitud de preinscripci\u00f3n.<\/li>\n<li>Selecciona tu opci\u00f3n de estudios.<\/li>\n<li>Introduce los datos personales y acad\u00e9micos en los diferentes apartados de la solicitud.<\/li>\n<li>Escanea los documentos necesarios y adj\u00fantalos a tu solicitud.<\/li>\n<li>Abona la tasa de inscripci\u00f3n de 30,21\u20ac con tarjeta bancaria de cr\u00e9dito o d\u00e9bito (no reembolsable).<\/li>\n<li>Si lo deseas, puedes descargar el comprobante de tu solicitud.<\/li>\n<\/ol>\n<p><a href=\"http:\/\/secretariavirtual.vhir.org\/\"><em>ACCEDE A LA PREINSCRIPCI\u00d3N<\/em><\/a><\/p>\n<h2>RESOLUCI\u00d3N DE ADMISI\u00d3N<\/h2>\n<p>Las solicitudes de admisi\u00f3n ser\u00e1n evaluadas siguiendo el calendario de rondas de admisi\u00f3n que se muestra a continuaci\u00f3n, o hasta completar las plazas disponibles [PR\u00d3XIMAMENTE]:<\/p>\n<table style=\"height: 240px; border-color: #7d7c7c; width: 88.2104%;\">\n<tbody>\n<tr style=\"height: 48px;\">\n<td style=\"text-align: left; height: 48px; width: 37.5385%;\"><strong>Fecha l\u00edmite de solicitud de admisi\u00f3n<\/strong><\/td>\n<td style=\"text-align: left; height: 48px; width: 30.9704%;\"><strong>Notificaci\u00f3n de resoluci\u00f3n<\/strong><\/td>\n<td style=\"text-align: left; height: 48px; width: 29.9526%;\"><strong>Fecha l\u00edmite de reserva de plaza<\/strong><\/td>\n<\/tr>\n<tr style=\"height: 24px;\">\n<td style=\"text-align: left; height: 24px; width: 37.5385%;\">31 de mayo de 2026<\/td>\n<td style=\"text-align: left; height: 24px; width: 30.9704%;\">4-5 de junio de 2026<\/td>\n<td style=\"text-align: left; height: 24px; width: 29.9526%;\">19 de junio de 2026<\/td>\n<\/tr>\n<tr style=\"height: 24px;\">\n<td style=\"text-align: left; height: 24px; width: 37.5385%;\">01 de septiembre de 2026<\/td>\n<td style=\"text-align: left; height: 24px; width: 30.9704%;\">04 de septiembre de 2026<\/td>\n<td style=\"text-align: left; height: 24px; width: 29.9526%;\">10 de septiembre de 2026<\/td>\n<\/tr>\n<tr style=\"height: 24px;\">\n<td style=\"text-align: left; height: 24px; width: 37.5385%;\">\u00a0<\/td>\n<td style=\"text-align: left; height: 24px; width: 30.9704%;\">\u00a0<\/td>\n<td style=\"text-align: left; height: 24px; width: 29.9526%;\">\u00a0<\/td>\n<\/tr>\n<tr style=\"height: 24px;\">\n<td style=\"text-align: left; height: 24px; width: 37.5385%;\">\u00a0<\/td>\n<td style=\"text-align: left; height: 24px; width: 30.9704%;\">\u00a0<\/td>\n<td style=\"text-align: left; height: 24px; width: 29.9526%;\">\u00a0<\/td>\n<\/tr>\n<tr style=\"height: 24px;\">\n<td style=\"text-align: left; height: 24px; width: 37.5385%;\">\u00a0<\/td>\n<td style=\"text-align: left; height: 24px; width: 30.9704%;\">\u00a0<\/td>\n<td style=\"text-align: left; height: 24px; width: 29.9526%;\">\u00a0<\/td>\n<\/tr>\n<tr style=\"height: 24px;\">\n<td style=\"text-align: left; height: 24px; width: 37.5385%;\">\u00a0<\/td>\n<td style=\"text-align: left; height: 24px; width: 30.9704%;\">\u00a0<\/td>\n<td style=\"text-align: left; height: 24px; width: 29.9526%;\">\u00a0<\/td>\n<\/tr>\n<\/tbody>\n<\/table>\n","protected":false},"excerpt":{"rendered":"<p>El periodo de preinscripci\u00f3n para el curso acad\u00e9mico 2026-2027 estar\u00e1 abierto desde el 12 de enero hasta el 1 de septiembre de 2026, o bien hasta que se cubran las plazas disponibles. Antes de iniciar la solicitud comprueba los requisitos de acceso y la documentaci\u00f3n requerida que tendr\u00e1s que escanear. Ten en cuenta que, mediante [&hellip;]<\/p>\n","protected":false},"author":2,"featured_media":3981,"parent":0,"menu_order":0,"comment_status":"closed","ping_status":"closed","template":"page-basic.php","meta":{"_acf_changed":false,"footnotes":""},"class_list":["post-518","page","type-page","status-publish","has-post-thumbnail","hentry"],"acf":[],"_links":{"self":[{"href":"https:\/\/healthinnovationmaster.vhir.org\/es\/wp-json\/wp\/v2\/pages\/518","targetHints":{"allow":["GET"]}}],"collection":[{"href":"https:\/\/healthinnovationmaster.vhir.org\/es\/wp-json\/wp\/v2\/pages"}],"about":[{"href":"https:\/\/healthinnovationmaster.vhir.org\/es\/wp-json\/wp\/v2\/types\/page"}],"author":[{"embeddable":true,"href":"https:\/\/healthinnovationmaster.vhir.org\/es\/wp-json\/wp\/v2\/users\/2"}],"replies":[{"embeddable":true,"href":"https:\/\/healthinnovationmaster.vhir.org\/es\/wp-json\/wp\/v2\/comments?post=518"}],"version-history":[{"count":41,"href":"https:\/\/healthinnovationmaster.vhir.org\/es\/wp-json\/wp\/v2\/pages\/518\/revisions"}],"predecessor-version":[{"id":5041,"href":"https:\/\/healthinnovationmaster.vhir.org\/es\/wp-json\/wp\/v2\/pages\/518\/revisions\/5041"}],"wp:featuredmedia":[{"embeddable":true,"href":"https:\/\/healthinnovationmaster.vhir.org\/es\/wp-json\/wp\/v2\/media\/3981"}],"wp:attachment":[{"href":"https:\/\/healthinnovationmaster.vhir.org\/es\/wp-json\/wp\/v2\/media?parent=518"}],"curies":[{"name":"wp","href":"https:\/\/api.w.org\/{rel}","templated":true}]}}

Preinscripción

<p><strong>El periodo de preinscripción para el curso académico 2026-2027 estará abierto desde el 12 de enero hasta el 1 de septiembre de 2026, o bien hasta que se cubran las plazas disponibles.</strong></p>
<p>Antes de iniciar la solicitud comprueba los requisitos de acceso y la documentación requerida que tendrás que escanear.</p>
<p>Ten en cuenta que, mediante una tarjeta bancaria, tendrás que liquidar la tasa de solicitud de admisión de 30,21€.</p>
<table style="border-collapse: collapse; width: 99.8862%; height: 41px;">
<tbody>
<tr>
<td style="width: 33.3333%;"> </td>
<td style="width: 33.3333%; background-color: #c62868; text-align: center;"><a href="https://secretariavirtual.vhir.org/#services"><span style="color: #ffffff;"><strong>¡Inscríbete ahora!</strong></span></a></td>
<td style="width: 33.3333%;"> </td>
</tr>
</tbody>
</table>
<h2>REQUISITOS DE ADMISIÓN</h2>
<p>Para ser admitido al máster es necesario:</p>
<ul>
<li>Estar en posesión de un título de graduado/a universitario o equiparable, del ámbito de las ciencias de la vida y de la salud, u otras ramas formativas como economía, ingeniería, <em>business</em>&#8230;</li>
<li>También podrán acceder los titulados equivalentes en el extranjero.</li>
</ul>
<h2>CRITERIOS DE SELECCIÓN</h2>
<p>Las candidaturas que cumplan los requisitos de admisión serán seleccionadas siguiendo los siguientes criterios:</p>
<ul>
<li>Expediente académico</li>
<li>Curriculum vitae</li>
<li>Vídeo de motivación dirigido a la coordinación del máster (2 minutos de duración)</li>
</ul>
<p>En una segunda fase de selección, se hará una breve entrevista personal a los candidatos y candidatas.</p>
<h2>FORMULARIO DE PREINSCRIPCIÓ</h2>
<ol>
<li>Para acceder a la aplicación necesitas estar registrado en el sistema de Secretaría Virtual del VHIR.
<ul style="list-style-type: disc;">
<li>Si ya eres usuario de la secretaría virtual, dirígete a tus servicios <a href="http://secretariavirtual.vhir.org/">aquí</a></li>
<li>Si no estás registrado, introduce tus datos y procederemos a crearte una cuenta de usuario aquí</li>
</ul>
</li>
<li>Una vez registrado, accede a la secretaría virtual para realizar la solicitud de preinscripción.</li>
<li>Selecciona tu opción de estudios.</li>
<li>Introduce los datos personales y académicos en los diferentes apartados de la solicitud.</li>
<li>Escanea los documentos necesarios y adjúntalos a tu solicitud.</li>
<li>Abona la tasa de inscripción de 30,21€ con tarjeta bancaria de crédito o débito (no reembolsable).</li>
<li>Si lo deseas, puedes descargar el comprobante de tu solicitud.</li>
</ol>
<p><a href="http://secretariavirtual.vhir.org/"><em>ACCEDE A LA PREINSCRIPCIÓN</em></a></p>
<h2>RESOLUCIÓN DE ADMISIÓN</h2>
<p>Las solicitudes de admisión serán evaluadas siguiendo el calendario de rondas de admisión que se muestra a continuación, o hasta completar las plazas disponibles [PRÓXIMAMENTE]:</p>
<table style="height: 240px; border-color: #7d7c7c; width: 88.2104%;">
<tbody>
<tr style="height: 48px;">
<td style="text-align: left; height: 48px; width: 37.5385%;"><strong>Fecha límite de solicitud de admisión</strong></td>
<td style="text-align: left; height: 48px; width: 30.9704%;"><strong>Notificación de resolución</strong></td>
<td style="text-align: left; height: 48px; width: 29.9526%;"><strong>Fecha límite de reserva de plaza</strong></td>
</tr>
<tr style="height: 24px;">
<td style="text-align: left; height: 24px; width: 37.5385%;">31 de mayo de 2026</td>
<td style="text-align: left; height: 24px; width: 30.9704%;">4-5 de junio de 2026</td>
<td style="text-align: left; height: 24px; width: 29.9526%;">19 de junio de 2026</td>
</tr>
<tr style="height: 24px;">
<td style="text-align: left; height: 24px; width: 37.5385%;">01 de septiembre de 2026</td>
<td style="text-align: left; height: 24px; width: 30.9704%;">04 de septiembre de 2026</td>
<td style="text-align: left; height: 24px; width: 29.9526%;">10 de septiembre de 2026</td>
</tr>
<tr style="height: 24px;">
<td style="text-align: left; height: 24px; width: 37.5385%;"> </td>
<td style="text-align: left; height: 24px; width: 30.9704%;"> </td>
<td style="text-align: left; height: 24px; width: 29.9526%;"> </td>
</tr>
<tr style="height: 24px;">
<td style="text-align: left; height: 24px; width: 37.5385%;"> </td>
<td style="text-align: left; height: 24px; width: 30.9704%;"> </td>
<td style="text-align: left; height: 24px; width: 29.9526%;"> </td>
</tr>
<tr style="height: 24px;">
<td style="text-align: left; height: 24px; width: 37.5385%;"> </td>
<td style="text-align: left; height: 24px; width: 30.9704%;"> </td>
<td style="text-align: left; height: 24px; width: 29.9526%;"> </td>
</tr>
<tr style="height: 24px;">
<td style="text-align: left; height: 24px; width: 37.5385%;"> </td>
<td style="text-align: left; height: 24px; width: 30.9704%;"> </td>
<td style="text-align: left; height: 24px; width: 29.9526%;"> </td>
</tr>
</tbody>
</table>

<p>El periodo de preinscripción para el curso académico 2026-2027 estará abierto desde el 12 de enero hasta el 1 de septiembre de 2026, o bien hasta que se cubran las plazas disponibles. Antes de iniciar la solicitud comprueba los requisitos de acceso y la documentación requerida que tendrás que escanear. Ten en cuenta que, mediante [&hellip;]</p>
